[INFO] cloning repository https://github.com/BrusiRoy/remove-trailing-whitespace
[INFO] running `Command { std: "git" "-c" "credential.helper=" "-c" "credential.helper=/workspace/cargo-home/bin/git-credential-null" "clone" "--bare" "https://github.com/BrusiRoy/remove-trailing-whitespace" "/workspace/cache/git-repos/https%3A%2F%2Fgithub.com%2FBrusiRoy%2Fremove-trailing-whitespace", kill_on_drop: false }`
[INFO] [stderr] Cloning into bare repository '/workspace/cache/git-repos/https%3A%2F%2Fgithub.com%2FBrusiRoy%2Fremove-trailing-whitespace'...
[INFO] running `Command { std: "git" "rev-parse" "HEAD", kill_on_drop: false }`
[INFO] [stdout] a8fe784dea2fac716d16b60f706bcaffd6c6cf92
[INFO] checking BrusiRoy/remove-trailing-whitespace against master#e6e4f7ed1589e03bc2f6c5931c1a72e7947e8682 for beta-170-4
[INFO] running `Command { std: "git" "clone" "/workspace/cache/git-repos/https%3A%2F%2Fgithub.com%2FBrusiRoy%2Fremove-trailing-whitespace" "/workspace/builds/worker-1-tc2/source", kill_on_drop: false }`
[INFO] [stderr] Cloning into '/workspace/builds/worker-1-tc2/source'...
[INFO] [stderr] done.
[INFO] validating manifest of git repo https://github.com/BrusiRoy/remove-trailing-whitespace on toolchain e6e4f7ed1589e03bc2f6c5931c1a72e7947e8682
[INFO] running `Command { std: CARGO_HOME="/workspace/cargo-home" RUSTUP_HOME="/workspace/rustup-home" "/workspace/cargo-home/bin/cargo" "+e6e4f7ed1589e03bc2f6c5931c1a72e7947e8682" "metadata" "--manifest-path" "Cargo.toml" "--no-deps", kill_on_drop: false }`
[INFO] started tweaking git repo https://github.com/BrusiRoy/remove-trailing-whitespace
[INFO] finished tweaking git repo https://github.com/BrusiRoy/remove-trailing-whitespace
[INFO] tweaked toml for git repo https://github.com/BrusiRoy/remove-trailing-whitespace written to /workspace/builds/worker-1-tc2/source/Cargo.toml
[INFO] crate git repo https://github.com/BrusiRoy/remove-trailing-whitespace already has a lockfile, it will not be regenerated
[INFO] running `Command { std: CARGO_HOME="/workspace/cargo-home" RUSTUP_HOME="/workspace/rustup-home" "/workspace/cargo-home/bin/cargo" "+e6e4f7ed1589e03bc2f6c5931c1a72e7947e8682" "fetch" "--manifest-path" "Cargo.toml", kill_on_drop: false }`
[INFO] running `Command { std: "docker" "create" "-v" "/var/lib/crater-agent-workspace/builds/worker-1-tc2/target:/opt/rustwide/target:rw,Z" "-v" "/var/lib/crater-agent-workspace/builds/worker-1-tc2/source:/opt/rustwide/workdir:ro,Z" "-v" "/var/lib/crater-agent-workspace/cargo-home:/opt/rustwide/cargo-home:ro,Z" "-v" "/var/lib/crater-agent-workspace/rustup-home:/opt/rustwide/rustup-home:ro,Z" "-e" "SOURCE_DIR=/opt/rustwide/workdir" "-e" "CARGO_TARGET_DIR=/opt/rustwide/target" "-e" "CARGO_HOME=/opt/rustwide/cargo-home" "-e" "RUSTUP_HOME=/opt/rustwide/rustup-home" "-w" "/opt/rustwide/workdir" "-m" "1610612736" "--user" "0:0" "--network" "none" "ghcr.io/rust-lang/crates-build-env/linux@sha256:19e73879b68f455e41552ea35293514db52ea292d993f571636dbffedb77a1ee" "/opt/rustwide/cargo-home/bin/cargo" "+e6e4f7ed1589e03bc2f6c5931c1a72e7947e8682" "metadata" "--no-deps" "--format-version=1", kill_on_drop: false }`
[INFO] [stdout] 8463c0088ea9cd352d9f3f4c7a5370d2d47ec56e1f325d3263b902def0c45ce3
[INFO] running `Command { std: "docker" "start" "-a" "8463c0088ea9cd352d9f3f4c7a5370d2d47ec56e1f325d3263b902def0c45ce3", kill_on_drop: false }`
[INFO] running `Command { std: "docker" "inspect" "8463c0088ea9cd352d9f3f4c7a5370d2d47ec56e1f325d3263b902def0c45ce3", kill_on_drop: false }`
[INFO] running `Command { std: "docker" "rm" "-f" "8463c0088ea9cd352d9f3f4c7a5370d2d47ec56e1f325d3263b902def0c45ce3", kill_on_drop: false }`
[INFO] [stdout] 8463c0088ea9cd352d9f3f4c7a5370d2d47ec56e1f325d3263b902def0c45ce3
[INFO] running `Command { std: "docker" "create" "-v" "/var/lib/crater-agent-workspace/builds/worker-1-tc2/target:/opt/rustwide/target:rw,Z" "-v" "/var/lib/crater-agent-workspace/builds/worker-1-tc2/source:/opt/rustwide/workdir:ro,Z" "-v" "/var/lib/crater-agent-workspace/cargo-home:/opt/rustwide/cargo-home:ro,Z" "-v" "/var/lib/crater-agent-workspace/rustup-home:/opt/rustwide/rustup-home:ro,Z" "-e" "SOURCE_DIR=/opt/rustwide/workdir" "-e" "CARGO_TARGET_DIR=/opt/rustwide/target" "-e" "CARGO_INCREMENTAL=0" "-e" "RUST_BACKTRACE=full" "-e" "RUSTFLAGS=--cap-lints=forbid" "-e" "RUSTDOCFLAGS=--cap-lints=forbid" "-e" "CARGO_HOME=/opt/rustwide/cargo-home" "-e" "RUSTUP_HOME=/opt/rustwide/rustup-home" "-w" "/opt/rustwide/workdir" "-m" "1610612736" "--user" "0:0" "--network" "none" "ghcr.io/rust-lang/crates-build-env/linux@sha256:19e73879b68f455e41552ea35293514db52ea292d993f571636dbffedb77a1ee" "/opt/rustwide/cargo-home/bin/cargo" "+e6e4f7ed1589e03bc2f6c5931c1a72e7947e8682" "check" "--frozen" "--all" "--all-targets" "--message-format=json", kill_on_drop: false }`
[INFO] [stdout] 9a0cd75787e165ad9983e0fdfaab527b1349f5bc352ea81241b7b268e9fbf5c6
[INFO] running `Command { std: "docker" "start" "-a" "9a0cd75787e165ad9983e0fdfaab527b1349f5bc352ea81241b7b268e9fbf5c6", kill_on_drop: false }`
[INFO] [stderr]    Compiling unicode-xid v0.0.4
[INFO] [stderr]    Compiling quote v0.3.15
[INFO] [stderr]    Compiling libc v0.2.28
[INFO] [stderr]    Compiling lazy_static v0.2.8
[INFO] [stderr]    Compiling regex-syntax v0.4.1
[INFO] [stderr]    Compiling utf8-ranges v1.0.0
[INFO] [stderr]    Compiling thread_local v0.3.4
[INFO] [stderr]    Compiling synom v0.11.3
[INFO] [stderr]    Compiling syn v0.11.11
[INFO] [stderr]    Compiling strsim v0.6.0
[INFO] [stderr]    Compiling memchr v1.0.1
[INFO] [stderr]    Compiling aho-corasick v0.6.3
[INFO] [stderr]    Compiling serde v1.0.10
[INFO] [stderr]    Compiling regex v0.2.2
[INFO] [stderr]    Compiling serde_derive_internals v0.15.1
[INFO] [stderr]    Compiling serde_derive v1.0.10
[INFO] [stderr]    Compiling docopt v0.8.1
[INFO] [stderr]    Compiling docopt_macros v0.8.0
[INFO] [stdout] error[E0557]: feature has been removed
[INFO] [stdout]  --> /opt/rustwide/cargo-home/registry/src/index.crates.io-6f17d22bba15001f/docopt_macros-0.8.0/src/macro.rs:4:12
[INFO] [stdout]   |
[INFO] [stdout] 4 | #![feature(plugin_registrar, quote, rustc_private)]
[INFO] [stdout]   |            ^^^^^^^^^^^^^^^^ feature has been removed
[INFO] [stdout]   |
[INFO] [stdout]   = note: a __rustc_plugin_registrar symbol must now be defined instead
[INFO] [stdout] 
[INFO] [stdout] 
[INFO] [stdout] error[E0557]: feature has been removed
[INFO] [stdout]  --> /opt/rustwide/cargo-home/registry/src/index.crates.io-6f17d22bba15001f/docopt_macros-0.8.0/src/macro.rs:4:30
[INFO] [stdout]   |
[INFO] [stdout] 4 | #![feature(plugin_registrar, quote, rustc_private)]
[INFO] [stdout]   |                              ^^^^^ feature has been removed
[INFO] [stdout] 
[INFO] [stdout] 
[INFO] [stdout] error[E0463]: can't find crate for `syntax`
[INFO] [stdout]  --> /opt/rustwide/cargo-home/registry/src/index.crates.io-6f17d22bba15001f/docopt_macros-0.8.0/src/macro.rs:9:1
[INFO] [stdout]   |
[INFO] [stdout] 9 | extern crate syntax;
[INFO] [stdout]   | ^^^^^^^^^^^^^^^^^^^^ can't find crate
[INFO] [stdout] 
[INFO] [stdout] 
[INFO] [stdout] error[E0463]: can't find crate for `rustc_plugin`
[INFO] [stdout]   --> /opt/rustwide/cargo-home/registry/src/index.crates.io-6f17d22bba15001f/docopt_macros-0.8.0/src/macro.rs:10:1
[INFO] [stdout]    |
[INFO] [stdout] 10 | extern crate rustc_plugin;
[INFO] [stdout]    | ^^^^^^^^^^^^^^^^^^^^^^^^^^ can't find crate
[INFO] [stdout]    |
[INFO] [stdout]    = help: maybe you need to install the missing components with: `rustup component add rust-src rustc-dev llvm-tools-preview`
[INFO] [stdout] 
[INFO] [stdout] 
[INFO] [stdout] error: cannot find attribute `plugin_registrar` in this scope
[INFO] [stdout]   --> /opt/rustwide/cargo-home/registry/src/index.crates.io-6f17d22bba15001f/docopt_macros-0.8.0/src/macro.rs:35:3
[INFO] [stdout]    |
[INFO] [stdout] 35 | #[plugin_registrar]
[INFO] [stdout]    |   ^^^^^^^^^^^^^^^^
[INFO] [stdout]    |
[INFO] [stdout]    = note: `plugin_registrar` is in scope, but it is a function, not an attribute
[INFO] [stdout] 
[INFO] [stdout] 
[INFO] [stdout] error: cannot find macro `quote_item` in this scope
[INFO] [stdout]   --> /opt/rustwide/cargo-home/registry/src/index.crates.io-6f17d22bba15001f/docopt_macros-0.8.0/src/macro.rs:70:18
[INFO] [stdout]    |
[INFO] [stdout] 70 |         its.push(quote_item!(cx,
[INFO] [stdout]    |                  ^^^^^^^^^^
[INFO] [stdout] 
[INFO] [stdout] 
[INFO] [stdout] error: aborting due to 6 previous errors
[INFO] [stdout] 
[INFO] [stdout] 
[INFO] [stdout] Some errors have detailed explanations: E0463, E0557.
[INFO] [stdout] 
[INFO] [stdout] For more information about an error, try `rustc --explain E0463`.
[INFO] [stdout] 
[INFO] [stderr] error: could not compile `docopt_macros` (lib) due to 7 previous errors
[INFO] running `Command { std: "docker" "inspect" "9a0cd75787e165ad9983e0fdfaab527b1349f5bc352ea81241b7b268e9fbf5c6", kill_on_drop: false }`
[INFO] running `Command { std: "docker" "rm" "-f" "9a0cd75787e165ad9983e0fdfaab527b1349f5bc352ea81241b7b268e9fbf5c6", kill_on_drop: false }`
[INFO] [stdout] 9a0cd75787e165ad9983e0fdfaab527b1349f5bc352ea81241b7b268e9fbf5c6
